{"id":2881,"date":"2024-05-28T06:09:50","date_gmt":"2024-05-28T06:09:50","guid":{"rendered":"https:\/\/bongbaytrangtri.com\/?post_type=product&#038;p=2881"},"modified":"2024-05-28T06:09:50","modified_gmt":"2024-05-28T06:09:50","slug":"bom-bong-cam-tay-tien-loi","status":"publish","type":"product","link":"https:\/\/bongbaytrangtri.com\/?product=bom-bong-cam-tay-tien-loi","title":{"rendered":"B\u01a1m B\u00f3ng C\u1ea7m Tay Ti\u1ec7n L\u1ee3i"},"content":{"rendered":"<div dir=\"auto\">B\u01a0M BONG B\u00d3NG CAO SU &#8211; B\u01a0M B\u00d3NG NH\u00d4M<\/div>\n<div dir=\"auto\">D\u1ee5ng C\u1ee5 B\u01a1m Bong B\u00f3ng C\u1ea7m Tay Ti\u1ec7n L\u1ee3i<\/div>\n<div dir=\"auto\"><img loading=\"lazy\" class=\"alignnone size-medium wp-image-2882\" src=\"https:\/\/bongbaytrangtri.com\/wp-content\/uploads\/2024\/05\/z2490749587940_533c159b7d9924934ac9f22cd8a0027e-400x400.jpg\" alt=\"\" width=\"400\" height=\"400\" srcset=\"https:\/\/bongbaytrangtri.com\/wp-content\/uploads\/2024\/05\/z2490749587940_533c159b7d9924934ac9f22cd8a0027e-400x400.jpg 400w, https:\/\/bongbaytrangtri.com\/wp-content\/uploads\/2024\/05\/z2490749587940_533c159b7d9924934ac9f22cd8a0027e-800x800.jpg 800w, https:\/\/bongbaytrangtri.com\/wp-content\/uploads\/2024\/05\/z2490749587940_533c159b7d9924934ac9f22cd8a0027e-280x280.jpg 280w, https:\/\/bongbaytrangtri.com\/wp-content\/uploads\/2024\/05\/z2490749587940_533c159b7d9924934ac9f22cd8a0027e-768x768.jpg 768w, https:\/\/bongbaytrangtri.com\/wp-content\/uploads\/2024\/05\/z2490749587940_533c159b7d9924934ac9f22cd8a0027e-600x600.jpg 600w, https:\/\/bongbaytrangtri.com\/wp-content\/uploads\/2024\/05\/z2490749587940_533c159b7d9924934ac9f22cd8a0027e-100x100.jpg 100w, https:\/\/bongbaytrangtri.com\/wp-content\/uploads\/2024\/05\/z2490749587940_533c159b7d9924934ac9f22cd8a0027e.jpg 1280w\" sizes=\"(max-width: 400px) 100vw, 400px\" \/><\/div>\n<div dir=\"auto\"><img loading=\"lazy\" class=\"alignnone size-medium wp-image-2883\" src=\"https:\/\/bongbaytrangtri.com\/wp-content\/uploads\/2024\/05\/z2490749589795_6895232e41af6c2cfc28345aefe25609-400x400.jpg\" alt=\"\" width=\"400\" height=\"400\" srcset=\"https:\/\/bongbaytrangtri.com\/wp-content\/uploads\/2024\/05\/z2490749589795_6895232e41af6c2cfc28345aefe25609-400x400.jpg 400w, https:\/\/bongbaytrangtri.com\/wp-content\/uploads\/2024\/05\/z2490749589795_6895232e41af6c2cfc28345aefe25609-800x800.jpg 800w, https:\/\/bongbaytrangtri.com\/wp-content\/uploads\/2024\/05\/z2490749589795_6895232e41af6c2cfc28345aefe25609-280x280.jpg 280w, https:\/\/bongbaytrangtri.com\/wp-content\/uploads\/2024\/05\/z2490749589795_6895232e41af6c2cfc28345aefe25609-768x768.jpg 768w, https:\/\/bongbaytrangtri.com\/wp-content\/uploads\/2024\/05\/z2490749589795_6895232e41af6c2cfc28345aefe25609-600x600.jpg 600w, https:\/\/bongbaytrangtri.com\/wp-content\/uploads\/2024\/05\/z2490749589795_6895232e41af6c2cfc28345aefe25609-100x100.jpg 100w, https:\/\/bongbaytrangtri.com\/wp-content\/uploads\/2024\/05\/z2490749589795_6895232e41af6c2cfc28345aefe25609.jpg 1280w\" sizes=\"(max-width: 400px) 100vw, 400px\" \/><\/div>\n<div dir=\"auto\"><img loading=\"lazy\" class=\"alignnone size-medium wp-image-2884\" src=\"https:\/\/bongbaytrangtri.com\/wp-content\/uploads\/2024\/05\/z2490749596446_88f72a7ecf95e88419b1b0ffa244a2d9-400x400.jpg\" alt=\"\" width=\"400\" height=\"400\" srcset=\"https:\/\/bongbaytrangtri.com\/wp-content\/uploads\/2024\/05\/z2490749596446_88f72a7ecf95e88419b1b0ffa244a2d9-400x400.jpg 400w, https:\/\/bongbaytrangtri.com\/wp-content\/uploads\/2024\/05\/z2490749596446_88f72a7ecf95e88419b1b0ffa244a2d9-800x800.jpg 800w, https:\/\/bongbaytrangtri.com\/wp-content\/uploads\/2024\/05\/z2490749596446_88f72a7ecf95e88419b1b0ffa244a2d9-280x280.jpg 280w, https:\/\/bongbaytrangtri.com\/wp-content\/uploads\/2024\/05\/z2490749596446_88f72a7ecf95e88419b1b0ffa244a2d9-768x768.jpg 768w, https:\/\/bongbaytrangtri.com\/wp-content\/uploads\/2024\/05\/z2490749596446_88f72a7ecf95e88419b1b0ffa244a2d9-600x600.jpg 600w, https:\/\/bongbaytrangtri.com\/wp-content\/uploads\/2024\/05\/z2490749596446_88f72a7ecf95e88419b1b0ffa244a2d9-100x100.jpg 100w, https:\/\/bongbaytrangtri.com\/wp-content\/uploads\/2024\/05\/z2490749596446_88f72a7ecf95e88419b1b0ffa244a2d9.jpg 1280w\" sizes=\"(max-width: 400px) 100vw, 400px\" \/><\/div>\n<div dir=\"auto\"><img loading=\"lazy\" class=\"alignnone size-medium wp-image-2885\" src=\"https:\/\/bongbaytrangtri.com\/wp-content\/uploads\/2024\/05\/z2490749603577_a81cb38cf61b4e23314cff4e0d56987a-400x400.jpg\" alt=\"\" width=\"400\" height=\"400\" srcset=\"https:\/\/bongbaytrangtri.com\/wp-content\/uploads\/2024\/05\/z2490749603577_a81cb38cf61b4e23314cff4e0d56987a-400x400.jpg 400w, https:\/\/bongbaytrangtri.com\/wp-content\/uploads\/2024\/05\/z2490749603577_a81cb38cf61b4e23314cff4e0d56987a-800x800.jpg 800w, https:\/\/bongbaytrangtri.com\/wp-content\/uploads\/2024\/05\/z2490749603577_a81cb38cf61b4e23314cff4e0d56987a-280x280.jpg 280w, https:\/\/bongbaytrangtri.com\/wp-content\/uploads\/2024\/05\/z2490749603577_a81cb38cf61b4e23314cff4e0d56987a-768x768.jpg 768w, https:\/\/bongbaytrangtri.com\/wp-content\/uploads\/2024\/05\/z2490749603577_a81cb38cf61b4e23314cff4e0d56987a-600x600.jpg 600w, https:\/\/bongbaytrangtri.com\/wp-content\/uploads\/2024\/05\/z2490749603577_a81cb38cf61b4e23314cff4e0d56987a-100x100.jpg 100w, https:\/\/bongbaytrangtri.com\/wp-content\/uploads\/2024\/05\/z2490749603577_a81cb38cf61b4e23314cff4e0d56987a.jpg 1280w\" sizes=\"(max-width: 400px) 100vw, 400px\" \/><\/div>\n<div dir=\"auto\"><span class=\"html-span xexx8yu x4uap5 x18d9i69 xkhd6sd x1hl2dhg x16tdsg8 x1vvkbs x3nfvp2 x1j61x8r x1fcty0u xdj266r xhhsvwb xat24cr xgzva0m xxymvpz xlup9mm x1kky2od\"><img loading=\"lazy\" class=\"xz74otr\" src=\"https:\/\/static.xx.fbcdn.net\/images\/emoji.php\/v9\/t51\/1\/16\/1f449.png\" alt=\"\ud83d\udc49\" width=\"16\" height=\"16\" \/><\/span> TH\u00d4NG S\u1ed0 S\u1ea2N PH\u1ea8M<\/div>\n<div dir=\"auto\">&#8211; K\u00edch th\u01b0\u1edbc: b\u01a1m b\u00f3ng d\u00e0i 28cm, tr\u1ecdng l\u01b0\u1ee3ng 72gram.<\/div>\n<div dir=\"auto\">&#8211; Ch\u1ea5t li\u1ec7u: nh\u1ef1a poly b\u1ec1n b\u1ec9, b\u01a1m b\u00f3ng c\u1ea7m tay v\u1edbi \u0111\u1ed9 b\u00e1m ch\u1ed1ng tr\u01b0\u1ee3t t\u1ed1t.<\/div>\n<div dir=\"auto\">&#8211; C\u00f4ng d\u1ee5ng: b\u01a1m b\u00f3ng cao su,b\u00f3ng nh\u00f4m,b\u01a1m nhi\u1ec1u h\u01a1i \u00edt t\u1ed1n s\u1ee9c.<\/div>\n<div dir=\"auto\">&#8211; S\u1ea3n ph\u1ea9m g\u1ecdn nh\u1eb9, d\u1ec5 dang mang theo trang tr\u00ed c\u00e1c bu\u1ed5i ti\u1ec7c, d\u00e3 ngo\u1ea1i, ch\u1ee5p h\u00ecnh ngo\u1ea1i c\u1ea3nh, du l\u1ecbch.<\/div>\n<div dir=\"auto\">MUA S\u1ec8 + SLL VUI L\u00d2NG INBOX HO\u1eb6C LI\u00caN H\u1ec6<\/div>\n<div dir=\"auto\">HOTLINE: 09666.555.23<\/div>\n<div dir=\"auto\">\u0110\u1ecaA CH\u1ec8 : S\u1ed0 10 NG\u00d5 54 HOA B\u1eb0NG C\u1ea6U GI\u1ea4Y H\u00c0 N\u1ed8I<\/div>\n<div dir=\"auto\"><span class=\"html-span xdj266r x11i5rnm xat24cr x1mh8g0r xexx8yu x4uap5 x18d9i69 xkhd6sd x1hl2dhg x16tdsg8 x1vvkbs\">#bombongcamtay<\/span> <span class=\"html-span xdj266r x11i5rnm xat24cr x1mh8g0r xexx8yu x4uap5 x18d9i69 xkhd6sd x1hl2dhg x16tdsg8 x1vvkbs\">#bombong<\/span> <span class=\"html-span xdj266r x11i5rnm xat24cr x1mh8g0r xexx8yu x4uap5 x18d9i69 xkhd6sd x1hl2dhg x16tdsg8 x1vvkbs\">#bombongbay<\/span> <span class=\"html-span xdj266r x11i5rnm xat24cr x1mh8g0r xexx8yu x4uap5 x18d9i69 xkhd6sd x1hl2dhg x16tdsg8 x1vvkbs\">#bomtay<\/span><\/div>\n","protected":false},"excerpt":{"rendered":"<p>B\u01a0M BONG B\u00d3NG CAO SU &#8211; B\u01a0M B\u00d3NG NH\u00d4M D\u1ee5ng C\u1ee5 B\u01a1m Bong B\u00f3ng C\u1ea7m Tay Ti\u1ec7n L\u1ee3i TH\u00d4NG S\u1ed0 S\u1ea2N PH\u1ea8M &#8211; K\u00edch th\u01b0\u1edbc: b\u01a1m b\u00f3ng d\u00e0i 28cm, tr\u1ecdng l\u01b0\u1ee3ng 72gram. &#8211; Ch\u1ea5t li\u1ec7u: nh\u1ef1a poly b\u1ec1n b\u1ec9, b\u01a1m b\u00f3ng c\u1ea7m tay v\u1edbi \u0111\u1ed9 b\u00e1m ch\u1ed1ng tr\u01b0\u1ee3t t\u1ed1t. &#8211; C\u00f4ng d\u1ee5ng: b\u01a1m b\u00f3ng cao [&#8230;]\n","protected":false},"featured_media":2885,"comment_status":"open","ping_status":"closed","template":"","meta":[],"acf":[],"_links":{"self":[{"href":"https:\/\/bongbaytrangtri.com\/index.php?rest_route=\/wp\/v2\/product\/2881"}],"collection":[{"href":"https:\/\/bongbaytrangtri.com\/index.php?rest_route=\/wp\/v2\/product"}],"about":[{"href":"https:\/\/bongbaytrangtri.com\/index.php?rest_route=\/wp\/v2\/types\/product"}],"replies":[{"embeddable":true,"href":"https:\/\/bongbaytrangtri.com\/index.php?rest_route=%2Fwp%2Fv2%2Fcomments&post=2881"}],"wp:featuredmedia":[{"embeddable":true,"href":"https:\/\/bongbaytrangtri.com\/index.php?rest_route=\/wp\/v2\/media\/2885"}],"wp:attachment":[{"href":"https:\/\/bongbaytrangtri.com\/index.php?rest_route=%2Fwp%2Fv2%2Fmedia&parent=2881"}],"curies":[{"name":"wp","href":"https:\/\/api.w.org\/{rel}","templated":true}]}}