{"id":2809,"date":"2024-05-28T04:54:38","date_gmt":"2024-05-28T04:54:38","guid":{"rendered":"https:\/\/bongbaytrangtri.com\/?post_type=product&#038;p=2809"},"modified":"2024-05-28T04:54:39","modified_gmt":"2024-05-28T04:54:39","slug":"bong-tua-co-vu-ha-noi","status":"publish","type":"product","link":"https:\/\/bongbaytrangtri.com\/?product=bong-tua-co-vu-ha-noi","title":{"rendered":"B\u00f4ng Tua C\u1ed5 V\u0169 H\u00e0 N\u1ed9i"},"content":{"rendered":"<p>B\u00f4ng Tua C\u1ed5 V\u0169 l\u00e0 m\u1ed9t trong nh\u1eefng \u0111i\u1ec3m nh\u1ea5n tuy\u1ec7t v\u1eddi c\u1ee7a c\u00e1c s\u1ef1 ki\u1ec7n, l\u1ec5 h\u1ed9i mang t\u00ednh ch\u1ea5t c\u1ed5 v\u0169 \u0111\u1eb7c bi\u1ec7t, kh\u00edch l\u1ec7 tinh th\u1ea7n \u0111\u1ed3ng \u0111\u1ed9i, g\u00e2y \u1ea5n t\u01b0\u1ee3ng s\u00e2u s\u1eafc \u0111\u1ebfn ng\u01b0\u1eddi xem.<br \/>\nV\u1edbi ch\u1ea5t li\u1ec7u d\u00e2y Nilon m\u1ec1m m\u1ea1i, k\u00edch th\u01b0\u1edbc ti\u00eau chu\u1ea9n 15 x 22cm, m\u00e0u s\u1eafc \u0111a d\u1ea1ng, B\u00f4ng Tua C\u1ed5 V\u0169 \u0111\u01b0\u1ee3c s\u1eed d\u1ee5ng r\u1ea5t nhi\u1ec1u trong c\u00e1c ch\u01b0\u01a1ng tr\u00ecnh, s\u1ef1 ki\u1ec7n ho\u1eb7c l\u1ec5 h\u1ed9i t\u1eeb l\u1edbn \u0111\u1ebfn nh\u1ecf, m\u1ee5c \u0111\u00edch ch\u00ednh l\u00e0 c\u1ed5 v\u0169 tinh th\u1ea7n \u0111\u1ed3ng \u0111\u1ed9i, mang \u1ea3nh h\u01b0\u1edfng l\u1edbn \u0111\u1ebfn c\u00e1c \u0111\u1ed9i ch\u01a1i, t\u1edbi ng\u01b0\u1eddi xem, t\u1ea1o c\u1ea3m gi\u00e1c vui nh\u1ed9n, linh ho\u1ea1t kh\u00f3 t\u1ea3.<br \/>\nC\u00e1c tr\u01b0\u1eddng h\u1ee3p s\u1eed d\u1ee5ng B\u00f4ng Tua C\u1ed5 V\u0169:<\/p>\n<p><img loading=\"lazy\" class=\"alignnone size-medium wp-image-2806\" src=\"https:\/\/bongbaytrangtri.com\/wp-content\/uploads\/2024\/05\/z4879661254551_097507d7bd555dd139defa5711cece4f-400x400.jpg\" alt=\"\" width=\"400\" height=\"400\" srcset=\"https:\/\/bongbaytrangtri.com\/wp-content\/uploads\/2024\/05\/z4879661254551_097507d7bd555dd139defa5711cece4f-400x400.jpg 400w, https:\/\/bongbaytrangtri.com\/wp-content\/uploads\/2024\/05\/z4879661254551_097507d7bd555dd139defa5711cece4f-280x280.jpg 280w, https:\/\/bongbaytrangtri.com\/wp-content\/uploads\/2024\/05\/z4879661254551_097507d7bd555dd139defa5711cece4f-768x768.jpg 768w, https:\/\/bongbaytrangtri.com\/wp-content\/uploads\/2024\/05\/z4879661254551_097507d7bd555dd139defa5711cece4f-600x600.jpg 600w, https:\/\/bongbaytrangtri.com\/wp-content\/uploads\/2024\/05\/z4879661254551_097507d7bd555dd139defa5711cece4f-100x100.jpg 100w, https:\/\/bongbaytrangtri.com\/wp-content\/uploads\/2024\/05\/z4879661254551_097507d7bd555dd139defa5711cece4f.jpg 800w\" sizes=\"(max-width: 400px) 100vw, 400px\" \/><\/p>\n<p><img loading=\"lazy\" class=\"alignnone size-medium wp-image-2804\" src=\"https:\/\/bongbaytrangtri.com\/wp-content\/uploads\/2024\/05\/z4879661012197_03af7210a389ec1bca23c16a489d9421-400x400.jpg\" alt=\"\" width=\"400\" height=\"400\" srcset=\"https:\/\/bongbaytrangtri.com\/wp-content\/uploads\/2024\/05\/z4879661012197_03af7210a389ec1bca23c16a489d9421-400x400.jpg 400w, https:\/\/bongbaytrangtri.com\/wp-content\/uploads\/2024\/05\/z4879661012197_03af7210a389ec1bca23c16a489d9421-280x280.jpg 280w, https:\/\/bongbaytrangtri.com\/wp-content\/uploads\/2024\/05\/z4879661012197_03af7210a389ec1bca23c16a489d9421-600x600.jpg 600w, https:\/\/bongbaytrangtri.com\/wp-content\/uploads\/2024\/05\/z4879661012197_03af7210a389ec1bca23c16a489d9421-100x100.jpg 100w, https:\/\/bongbaytrangtri.com\/wp-content\/uploads\/2024\/05\/z4879661012197_03af7210a389ec1bca23c16a489d9421.jpg 714w\" sizes=\"(max-width: 400px) 100vw, 400px\" \/><\/p>\n<p><img loading=\"lazy\" class=\"alignnone size-medium wp-image-2800\" src=\"https:\/\/bongbaytrangtri.com\/wp-content\/uploads\/2024\/05\/z4879661000368_42a726121f52f4e9559a0b797f4a3fd8-400x400.jpg\" alt=\"\" width=\"400\" height=\"400\" srcset=\"https:\/\/bongbaytrangtri.com\/wp-content\/uploads\/2024\/05\/z4879661000368_42a726121f52f4e9559a0b797f4a3fd8-400x400.jpg 400w, https:\/\/bongbaytrangtri.com\/wp-content\/uploads\/2024\/05\/z4879661000368_42a726121f52f4e9559a0b797f4a3fd8-280x280.jpg 280w, https:\/\/bongbaytrangtri.com\/wp-content\/uploads\/2024\/05\/z4879661000368_42a726121f52f4e9559a0b797f4a3fd8-768x768.jpg 768w, https:\/\/bongbaytrangtri.com\/wp-content\/uploads\/2024\/05\/z4879661000368_42a726121f52f4e9559a0b797f4a3fd8-600x600.jpg 600w, https:\/\/bongbaytrangtri.com\/wp-content\/uploads\/2024\/05\/z4879661000368_42a726121f52f4e9559a0b797f4a3fd8-100x100.jpg 100w, https:\/\/bongbaytrangtri.com\/wp-content\/uploads\/2024\/05\/z4879661000368_42a726121f52f4e9559a0b797f4a3fd8.jpg 800w\" sizes=\"(max-width: 400px) 100vw, 400px\" \/><\/p>\n<p><img loading=\"lazy\" class=\"alignnone size-medium wp-image-2791\" src=\"https:\/\/bongbaytrangtri.com\/wp-content\/uploads\/2024\/05\/z4879664591271_8e259e16fedccea73eac88b3541e3b05-400x400.jpg\" alt=\"\" width=\"400\" height=\"400\" srcset=\"https:\/\/bongbaytrangtri.com\/wp-content\/uploads\/2024\/05\/z4879664591271_8e259e16fedccea73eac88b3541e3b05-400x400.jpg 400w, https:\/\/bongbaytrangtri.com\/wp-content\/uploads\/2024\/05\/z4879664591271_8e259e16fedccea73eac88b3541e3b05-280x280.jpg 280w, https:\/\/bongbaytrangtri.com\/wp-content\/uploads\/2024\/05\/z4879664591271_8e259e16fedccea73eac88b3541e3b05-768x768.jpg 768w, https:\/\/bongbaytrangtri.com\/wp-content\/uploads\/2024\/05\/z4879664591271_8e259e16fedccea73eac88b3541e3b05-600x600.jpg 600w, https:\/\/bongbaytrangtri.com\/wp-content\/uploads\/2024\/05\/z4879664591271_8e259e16fedccea73eac88b3541e3b05-100x100.jpg 100w, https:\/\/bongbaytrangtri.com\/wp-content\/uploads\/2024\/05\/z4879664591271_8e259e16fedccea73eac88b3541e3b05.jpg 800w\" sizes=\"(max-width: 400px) 100vw, 400px\" \/><\/p>\n<p><img loading=\"lazy\" class=\"alignnone size-medium wp-image-2792\" src=\"https:\/\/bongbaytrangtri.com\/wp-content\/uploads\/2024\/05\/z4879664697970_4e580a07f98738df4253908cba3c41ec-400x400.jpg\" alt=\"\" width=\"400\" height=\"400\" srcset=\"https:\/\/bongbaytrangtri.com\/wp-content\/uploads\/2024\/05\/z4879664697970_4e580a07f98738df4253908cba3c41ec-400x400.jpg 400w, https:\/\/bongbaytrangtri.com\/wp-content\/uploads\/2024\/05\/z4879664697970_4e580a07f98738df4253908cba3c41ec-280x280.jpg 280w, https:\/\/bongbaytrangtri.com\/wp-content\/uploads\/2024\/05\/z4879664697970_4e580a07f98738df4253908cba3c41ec-768x768.jpg 768w, https:\/\/bongbaytrangtri.com\/wp-content\/uploads\/2024\/05\/z4879664697970_4e580a07f98738df4253908cba3c41ec-600x600.jpg 600w, https:\/\/bongbaytrangtri.com\/wp-content\/uploads\/2024\/05\/z4879664697970_4e580a07f98738df4253908cba3c41ec-100x100.jpg 100w, https:\/\/bongbaytrangtri.com\/wp-content\/uploads\/2024\/05\/z4879664697970_4e580a07f98738df4253908cba3c41ec.jpg 800w\" sizes=\"(max-width: 400px) 100vw, 400px\" \/><br \/>\n&#8211; C\u00e1c bu\u1ed5i giao l\u01b0u v\u0103n ngh\u1ec7 c\u1ee7a tr\u01b0\u1eddng.<\/p>\n<p>&#8211; Nh\u1eefng s\u1ef1 ki\u1ec7n th\u1ec3 thao nh\u01b0 b\u00f3ng \u0111\u00e1, b\u00f3ng chuy\u1ec1n, tennis,&#8230;<\/p>\n<p>&#8211; Ch\u01b0\u01a1ng tr\u00ecnh ca nh\u1ea1c, v\u0103n h\u00f3a &#8211; ngh\u1ec7 thu\u1eadt, th\u1ec3 d\u1ee5c nh\u1ecbp \u0111i\u1ec7u,&#8230;<\/p>\n<p>&#8211; V\u00e0 c\u00f2n r\u1ea5t nhi\u1ec1u ho\u1ea1t \u0111\u1ed9ng kh\u00e1c mang t\u00ednh ch\u1ea5t c\u1ed5 v\u0169,&#8230;<br \/>\n\u01afu \u0111i\u1ec3m s\u1ea3n ph\u1ea9m B\u00f4ng Tua C\u1ed5 V\u0169 c\u1ee7a SHARK DECOR:<br \/>\n&#8211; M\u00e0u s\u1eafc \u0111a d\u1ea1ng: B\u00f4ng Tua C\u1ed5 V\u0169 t\u1ea1i SHARK DECOR c\u00f3 nhi\u1ec1u m\u00e0u s\u1eafc, t\u00f9y v\u00e0o nhu c\u1ea7u c\u1ee7a qu\u00fd kh\u00e1ch h\u00e0ng, ngo\u00e0i ra b\u1ea1n c\u00f2n c\u00f3 th\u1ec3 \u0111\u1eb7t c\u00e1c m\u1eabu s\u1ea3n ph\u1ea9m ph\u1ee5 thu\u1ed9c v\u00e0o s\u1edf th\u00edch b\u1ea3n th\u00e2n, ho\u1eb7c ph\u1ed1i h\u1ee3p nhi\u1ec1u m\u00e0u tr\u00ean c\u00f9ng m\u1ed9t b\u00f4ng tua c\u1ed5 v\u0169.<\/p>\n<p>&#8211; T\u00ednh th\u1ea9m m\u1ef9 cao: V\u1edbi ch\u1ea5t li\u1ec7u s\u1ee3i nilon m\u1ec1m m\u01b0\u1ee3t t\u1ea1o c\u1ea3m gi\u00e1c b\u1ed3ng b\u1ec1nh \u0111\u1ea3m b\u1ea3o t\u00ednh th\u1ea9m m\u1ef9 cho B\u00f4ng Tua C\u1ed5 V\u0169, th\u00edch h\u1ee3p cho c\u00e1c c\u1ed5 \u0111\u1ed9ng vi\u00ean c\u1ed5 v\u0169 tinh th\u1ea7n \u0111\u1ed3ng \u0111\u1ed9i, \u0111em \u0111\u1ebfn th\u1eafng l\u1ee3i cao nh\u1ea5t.<\/p>\n<p>&#8211; \u0110\u1ed9 b\u1ec1n tuy\u1ec7t \u0111\u1ed1i: C\u00e1ch l\u00e0m c\u1ea9n th\u1eadn, ch\u00fa \u00fd t\u1eebng chi ti\u1ebft \u0111em \u0111\u1ebfn cho qu\u00fd kh\u00e1ch h\u00e0ng s\u1ea3n ph\u1ea9m \u0111\u1eb9p, \u0111\u1ed9 b\u1ec1n l\u00e2u d\u00e0i. L\u01b0u \u00fd: Sau khi s\u1eed d\u1ee5ng, n\u00ean cho v\u00e0o t\u00fai ni l\u00f4ng, c\u1ed9t k\u1ef9 \u0111\u1ea7u t\u00fai \u0111\u1ec3 gi\u1eef \u0111\u1ed9 s\u00e1ng c\u1ee7a b\u00f4ng tua.<\/p>\n<p>H\u00e3y li\u00ean h\u1ec7 ngay v\u1edbi SHARK DECOR \u0111\u1ec3 \u0111\u01b0\u1ee3c t\u01b0 v\u1ea5n v\u00e0 b\u00e1o gi\u00e1 t\u1ed1t nh\u1ea5t.<br \/>\n\u260e\ufe0fHotline: 09666.555.23<br \/>\n\ud83c\udfeaS\u1ed1 10 ng\u00f5 54 Hoa B\u1eb1ng, C\u1ea7u Gi\u1ea5y, H\u00e0 N\u1ed9i<br \/>\n&#8211; Open : 8AM<br \/>\n&#8211; Close : 9PM<br \/>\n\ud83d\ude9bShip COD to\u00e0n qu\u1ed1c<br \/>\nXem th\u00eam c\u00e1c s\u1ea3n ph\u1ea9m kh\u00e1c c\u1ee7a Shark Decor nhi\u1ec1u h\u01a1n t\u1ea1i:<br \/>\nhttp:\/\/www.bongbaysinhnhat.com<br \/>\n#bum #hoatnaovien #codongvien #codong #bumcodong #bumbum #hoatnao #nhaycodong #covu #nhay #nhaycovu #bongcodong #xucodong #xuhoatnaovien #bumxu<\/p>\n","protected":false},"excerpt":{"rendered":"<p>B\u00f4ng Tua C\u1ed5 V\u0169 l\u00e0 m\u1ed9t trong nh\u1eefng \u0111i\u1ec3m nh\u1ea5n tuy\u1ec7t v\u1eddi c\u1ee7a c\u00e1c s\u1ef1 ki\u1ec7n, l\u1ec5 h\u1ed9i mang t\u00ednh ch\u1ea5t c\u1ed5 v\u0169 \u0111\u1eb7c bi\u1ec7t, kh\u00edch l\u1ec7 tinh th\u1ea7n \u0111\u1ed3ng \u0111\u1ed9i, g\u00e2y \u1ea5n t\u01b0\u1ee3ng s\u00e2u s\u1eafc \u0111\u1ebfn ng\u01b0\u1eddi xem. V\u1edbi ch\u1ea5t li\u1ec7u d\u00e2y Nilon m\u1ec1m m\u1ea1i, k\u00edch th\u01b0\u1edbc ti\u00eau chu\u1ea9n 15 x 22cm, m\u00e0u s\u1eafc [&#8230;]\n","protected":false},"featured_media":2804,"comment_status":"open","ping_status":"closed","template":"","meta":[],"acf":[],"_links":{"self":[{"href":"https:\/\/bongbaytrangtri.com\/index.php?rest_route=\/wp\/v2\/product\/2809"}],"collection":[{"href":"https:\/\/bongbaytrangtri.com\/index.php?rest_route=\/wp\/v2\/product"}],"about":[{"href":"https:\/\/bongbaytrangtri.com\/index.php?rest_route=\/wp\/v2\/types\/product"}],"replies":[{"embeddable":true,"href":"https:\/\/bongbaytrangtri.com\/index.php?rest_route=%2Fwp%2Fv2%2Fcomments&post=2809"}],"wp:featuredmedia":[{"embeddable":true,"href":"https:\/\/bongbaytrangtri.com\/index.php?rest_route=\/wp\/v2\/media\/2804"}],"wp:attachment":[{"href":"https:\/\/bongbaytrangtri.com\/index.php?rest_route=%2Fwp%2Fv2%2Fmedia&parent=2809"}],"curies":[{"name":"wp","href":"https:\/\/api.w.org\/{rel}","templated":true}]}}